{"id":1265,"date":"2019-03-17T14:56:55","date_gmt":"2019-03-17T13:56:55","guid":{"rendered":"http:\/\/www.yamaha-music-school-colmar.com\/site\/?page_id=1265"},"modified":"2025-12-05T16:28:36","modified_gmt":"2025-12-05T15:28:36","slug":"junior-original-concert","status":"publish","type":"page","link":"https:\/\/www.yamaha-music-school-colmar.com\/site\/junior-original-concert\/","title":{"rendered":"JUNIOR ORIGINAL CONCERT"},"content":{"rendered":"\n<section class=\"wp-block-uagb-section uagb-section__wrap uagb-section__background-image uagb-block-8cb6907c\"><div class=\"uagb-section__overlay\"><\/div><div class=\"uagb-section__inner-wrap\">\n<div class=\"wp-block-uagb-advanced-heading uagb-block-389253ee\"><h1 class=\"uagb-heading-text\">JUNIOR ORIGINAL CONCERT<\/h1><\/div>\n<\/div><\/section>\n\n\n\n<div style=\"height:50px\" aria-hidden=\"true\" class=\"wp-block-spacer\"><\/div>\n\n\n\n<div class=\"wp-block-stackable-video-popup stk-block-video-popup stk-block stk-93ab004\" data-video=\"https:\/\/youtu.be\/E4Wvqk0iH0g\" data-block-id=\"93ab004\"><div class=\"stk-block-video-popup__overlay stk-row stk-inner-blocks stk-block-content stk-hover-parent\" aria-label=\"Lire la vid\u00e9o\" tabindex=\"0\" role=\"button\">\n<div class=\"wp-block-stackable-icon stk-block-icon has-text-align-center stk-block stk-9eb6a16\" data-block-id=\"9eb6a16\"><span class=\"stk--svg-wrapper\"><div class=\"stk--inner-svg\"><svg style=\"height:0;width:0\"><defs><linearGradient id=\"linear-gradient-9eb6a16\" x1=\"0\" x2=\"100%\" y1=\"0\" y2=\"0\"><stop offset=\"0%\" style=\"stop-opacity:1;stop-color:var(--linear-gradient-9-eb-6-a-16-color-1)\"><\/stop><stop offset=\"100%\" style=\"stop-opacity:1;stop-color:var(--linear-gradient-9-eb-6-a-16-color-2)\"><\/stop><\/linearGradient><\/defs><\/svg><svg data-prefix=\"fas\" data-icon=\"play\" class=\"svg-inline--fa fa-play fa-w-14\" xmlns=\"http:\/\/www.w3.org\/2000\/svg\" viewBox=\"0 0 448 512\" aria-hidden=\"true\" width=\"32\" height=\"32\"><path fill=\"currentColor\" d=\"M424.4 214.7L72.4 6.6C43.8-10.3 0 6.1 0 47.9V464c0 37.5 40.7 60.1 72.4 41.3l352-208c31.4-18.5 31.5-64.1 0-82.6z\"><\/path><\/svg><\/div><\/span><\/div>\n\n\n\n<div class=\"wp-block-stackable-image stk-block-image stk-block stk-7a9a932\" data-block-id=\"7a9a932\"><style>.stk-7a9a932 .stk-img-wrapper{width:62% !important;}.stk-7a9a932 .stk-img-wrapper img{border-radius:22px !important;}<\/style><figure><span class=\"stk-img-wrapper stk-image--shape-stretch\"><img loading=\"lazy\" decoding=\"async\" class=\"stk-img wp-image-2303\" src=\"https:\/\/www.yamaha-music-school-colmar.com\/site\/wp-content\/uploads\/2022\/02\/Icone-JOC-France-2019-Rond-noir-1.jpg\" width=\"1063\" height=\"484\" srcset=\"https:\/\/www.yamaha-music-school-colmar.com\/site\/wp-content\/uploads\/2022\/02\/Icone-JOC-France-2019-Rond-noir-1.jpg 1063w, https:\/\/www.yamaha-music-school-colmar.com\/site\/wp-content\/uploads\/2022\/02\/Icone-JOC-France-2019-Rond-noir-1-300x137.jpg 300w, https:\/\/www.yamaha-music-school-colmar.com\/site\/wp-content\/uploads\/2022\/02\/Icone-JOC-France-2019-Rond-noir-1-1024x466.jpg 1024w, https:\/\/www.yamaha-music-school-colmar.com\/site\/wp-content\/uploads\/2022\/02\/Icone-JOC-France-2019-Rond-noir-1-768x350.jpg 768w\" sizes=\"auto, (max-width: 1063px) 100vw, 1063px\" \/><\/span><\/figure><\/div>\n<\/div><\/div>\n\n\n\n<p class=\"has-text-align-center\"> <strong>Concert JOC France (1er d\u00e9cembre 2019)<\/strong> <\/p>\n\n\n\n<div style=\"height:50px\" aria-hidden=\"true\" class=\"wp-block-spacer\"><\/div>\n\n\n\n<div class=\"wp-block-stackable-video-popup stk-block-video-popup stk-block stk-ddd9d8a\" data-video=\"https:\/\/youtu.be\/pRFgWtO_6h8\" data-block-id=\"ddd9d8a\"><div class=\"stk-block-video-popup__overlay stk-row stk-inner-blocks stk-block-content stk-hover-parent\" aria-label=\"Lire la vid\u00e9o\" tabindex=\"0\" role=\"button\">\n<div class=\"wp-block-stackable-icon stk-block-icon has-text-align-center stk-block stk-1c4b4dc\" data-block-id=\"1c4b4dc\"><span class=\"stk--svg-wrapper\"><div class=\"stk--inner-svg\"><svg style=\"height:0;width:0\"><defs><linearGradient id=\"linear-gradient-1c4b4dc\" x1=\"0\" x2=\"100%\" y1=\"0\" y2=\"0\"><stop offset=\"0%\" style=\"stop-opacity:1;stop-color:var(--linear-gradient-1-c-4-b-4-dc-color-1)\"><\/stop><stop offset=\"100%\" style=\"stop-opacity:1;stop-color:var(--linear-gradient-1-c-4-b-4-dc-color-2)\"><\/stop><\/linearGradient><\/defs><\/svg><svg data-prefix=\"fas\" data-icon=\"play\" class=\"svg-inline--fa fa-play fa-w-14\" xmlns=\"http:\/\/www.w3.org\/2000\/svg\" viewBox=\"0 0 448 512\" aria-hidden=\"true\" width=\"32\" height=\"32\"><path fill=\"currentColor\" d=\"M424.4 214.7L72.4 6.6C43.8-10.3 0 6.1 0 47.9V464c0 37.5 40.7 60.1 72.4 41.3l352-208c31.4-18.5 31.5-64.1 0-82.6z\"><\/path><\/svg><\/div><\/span><\/div>\n\n\n\n<div class=\"wp-block-stackable-image stk-block-image stk-block stk-0a6812a\" data-block-id=\"0a6812a\"><style>.stk-0a6812a .stk-img-wrapper{width:62% !important;}.stk-0a6812a .stk-img-wrapper img{border-radius:22px !important;}<\/style><figure><span class=\"stk-img-wrapper stk-image--shape-stretch\"><img loading=\"lazy\" decoding=\"async\" class=\"stk-img wp-image-2302\" src=\"https:\/\/www.yamaha-music-school-colmar.com\/site\/wp-content\/uploads\/2022\/02\/Icone-JOC-50th-Rond-noir.jpg\" width=\"1063\" height=\"484\" srcset=\"https:\/\/www.yamaha-music-school-colmar.com\/site\/wp-content\/uploads\/2022\/02\/Icone-JOC-50th-Rond-noir.jpg 1063w, https:\/\/www.yamaha-music-school-colmar.com\/site\/wp-content\/uploads\/2022\/02\/Icone-JOC-50th-Rond-noir-300x137.jpg 300w, https:\/\/www.yamaha-music-school-colmar.com\/site\/wp-content\/uploads\/2022\/02\/Icone-JOC-50th-Rond-noir-1024x466.jpg 1024w, https:\/\/www.yamaha-music-school-colmar.com\/site\/wp-content\/uploads\/2022\/02\/Icone-JOC-50th-Rond-noir-768x350.jpg 768w\" sizes=\"auto, (max-width: 1063px) 100vw, 1063px\" \/><\/span><\/figure><\/div>\n<\/div><\/div>\n\n\n\n<p class=\"has-text-align-center\"> <strong>Retour sur les 50 ans des concerts JOC dans le monde<\/strong> <\/p>\n\n\n<style>.kb-row-layout-id1265_0875d1-5c > .kt-row-column-wrap{align-content:start;}:where(.kb-row-layout-id1265_0875d1-5c > .kt-row-column-wrap) > .wp-block-kadence-column{justify-content:start;}.kb-row-layout-id1265_0875d1-5c > .kt-row-column-wrap{column-gap:var(--global-kb-gap-md, 2rem);row-gap:var(--global-kb-gap-md, 2rem);max-width:1200px;margin-left:auto;margin-right:auto;padding-left:10px;padding-right:197px;grid-template-columns:minmax(0, calc(60% - ((var(--global-kb-gap-md, 2rem) * 1 )\/2)))minmax(0, calc(40% - ((var(--global-kb-gap-md, 2rem) * 1 )\/2)));}.kb-row-layout-id1265_0875d1-5c > .kt-row-layout-overlay{opacity:0.30;}@media all and (max-width: 1024px){.kb-row-layout-id1265_0875d1-5c > .kt-row-column-wrap{grid-template-columns:minmax(0, 2fr) minmax(0, 1fr);}}@media all and (max-width: 767px){.kb-row-layout-id1265_0875d1-5c > .kt-row-column-wrap{grid-template-columns:minmax(0, 1fr);}}<\/style><div class=\"kb-row-layout-wrap kb-row-layout-id1265_0875d1-5c alignnone wp-block-kadence-rowlayout\"><div class=\"kt-row-column-wrap kt-has-2-columns kt-row-layout-left-golden kt-tab-layout-inherit kt-mobile-layout-row kt-row-valign-top\">\n<style>.kadence-column1265_b7b356-85 > .kt-inside-inner-col{border-top-width:0px;border-right-width:0px;border-bottom-width:0px;border-left-width:0px;}.kadence-column1265_b7b356-85 > .kt-inside-inner-col,.kadence-column1265_b7b356-85 > .kt-inside-inner-col:before{border-top-left-radius:0px;border-top-right-radius:0px;border-bottom-right-radius:0px;border-bottom-left-radius:0px;}.kadence-column1265_b7b356-85 > .kt-inside-inner-col{column-gap:var(--global-kb-gap-sm, 1rem);}.kadence-column1265_b7b356-85 > .kt-inside-inner-col{flex-direction:column;}.kadence-column1265_b7b356-85 > .kt-inside-inner-col > .aligncenter{width:100%;}.kadence-column1265_b7b356-85 > .kt-inside-inner-col:before{opacity:0.3;}.kadence-column1265_b7b356-85{position:relative;}@media all and (max-width: 1024px){.kadence-column1265_b7b356-85 > .kt-inside-inner-col{flex-direction:column;justify-content:center;}}@media all and (max-width: 767px){.kadence-column1265_b7b356-85 > .kt-inside-inner-col{flex-direction:column;justify-content:center;}}<\/style>\n<div class=\"wp-block-kadence-column kadence-column1265_b7b356-85 inner-column-1\"><div class=\"kt-inside-inner-col\">\n<p class=\"has-text-align-left\"><strong>Le Junior Original Concert (concert des jeunes compositeurs).<\/strong><\/p>\n\n\n\n<p> <br>Encourager la cr\u00e9ativit\u00e9, l\u2019improvisation et la composition est la cl\u00e9 de la philosophie d&rsquo;enseignement musical de Yamaha. D\u00e8s le d\u00e9part, nous invitons les enfants \u00e0 exprimer leurs propres pens\u00e9es, sentiments et id\u00e9es en musique. Au cours des le\u00e7ons, des motifs et des m\u00e9lodies simples se transforment en compositions plus complexes. L&rsquo;interpr\u00e9tation de ces pi\u00e8ces musicales fait partie de l&rsquo;enseignement, que ce soit lors de petits concerts en classe ou lors des concerts de l\u2019\u00e9cole que nous organisons chaque ann\u00e9e.<\/p>\n<\/div><\/div>\n\n\n<style>.kadence-column1265_7e19d3-02 > .kt-inside-inner-col{border-top-width:0px;border-right-width:0px;border-bottom-width:0px;border-left-width:0px;}.kadence-column1265_7e19d3-02 > .kt-inside-inner-col,.kadence-column1265_7e19d3-02 > .kt-inside-inner-col:before{border-top-left-radius:0px;border-top-right-radius:0px;border-bottom-right-radius:0px;border-bottom-left-radius:0px;}.kadence-column1265_7e19d3-02 > .kt-inside-inner-col{column-gap:var(--global-kb-gap-sm, 1rem);}.kadence-column1265_7e19d3-02 > .kt-inside-inner-col{flex-direction:column;}.kadence-column1265_7e19d3-02 > .kt-inside-inner-col > .aligncenter{width:100%;}.kadence-column1265_7e19d3-02 > .kt-inside-inner-col:before{opacity:0.3;}.kadence-column1265_7e19d3-02{position:relative;}@media all and (max-width: 1024px){.kadence-column1265_7e19d3-02 > .kt-inside-inner-col{flex-direction:column;justify-content:center;}}@media all and (max-width: 767px){.kadence-column1265_7e19d3-02 > .kt-inside-inner-col{flex-direction:column;justify-content:center;}}<\/style>\n<div class=\"wp-block-kadence-column kadence-column1265_7e19d3-02 inner-column-2\"><div class=\"kt-inside-inner-col\">\n<p style=\"font-size:21px\"><strong>Contact<\/strong><\/p>\n\n\n\n<ul class=\"wp-block-list\">\n<li>06 31 37 44 38<\/li>\n\n\n\n<li>ymscolmar@gmail.com<\/li>\n<\/ul>\n\n\n\n<div class=\"wp-block-uagb-call-to-action uagb-block-12758099 wp-block-button\"><div class=\"uagb-cta__wrap\"><h3 class=\"uagb-cta__title\">Adresse<\/h3><p class=\"uagb-cta__desc\"> <br>118, rue Andr\u00e9 KIENER<a href=\"https:\/\/www.yamaha-music-school-colmar.com\/site\/wp-admin\/contact.html\"><br>68000 COLMAR<\/a> <\/p><\/div><div class=\"uagb-cta__buttons\"><a href=\"#\" class=\"uagb-cta__button-link-wrapper wp-block-button__link\" target=\"_self\" rel=\"noopener noreferrer\">Horaires<\/a><\/div><\/div>\n<\/div><\/div>\n\n<\/div><\/div>\n\n\n<div id=\"wp-block-themeisle-blocks-advanced-columns-c5af0f76\" class=\"wp-block-themeisle-blocks-advanced-columns has-1-columns has-desktop-equal-layout has-tablet-equal-layout has-mobile-equal-layout has-vertical-unset\"><div class=\"wp-block-themeisle-blocks-advanced-columns-overlay\"><\/div><div class=\"innerblocks-wrap\">\n<div id=\"wp-block-themeisle-blocks-advanced-column-821bd9e8\" class=\"wp-block-themeisle-blocks-advanced-column\">\n<p>La Yamaha Music Foundation a lanc\u00e9 la s\u00e9rie \u00a0\u00bb Junior\nOriginal Concert \u00a0\u00bb en 1972 afin de donner aux enfants des \u00e9coles de\nmusique Yamaha la possibilit\u00e9 de pr\u00e9senter leurs propres compositions \u00e0 un\nlarge public. Les participants ne doivent pas \u00eatre \u00e2g\u00e9s de plus de 16 ans. Pour\n\u00eatre s\u00e9lectionn\u00e9s, ils doivent soumettre et interpr\u00e9ter leurs propres\ncompositions. L&rsquo;un des moments forts de chaque concert est une improvisation\nspontan\u00e9e dans laquelle l&rsquo;un des enfants am\u00e9liore un motif inconnu.<\/p>\n\n\n\n<p>Le \u00a0\u00bb Junior Original Concert \u00a0\u00bb est organis\u00e9 \u00e0 l&rsquo;\u00e9chelle\nlocale et nationale. Les \u00e9tudiants ayant des compositions complexes peuvent\ns&rsquo;inscrire \u00e0 des concerts nationaux et internationaux, pour le Concert Original\nJunior national ou europ\u00e9en, par exemple.<\/p>\n<\/div>\n<\/div><\/div>\n\n\n\n<section class=\"wp-block-uagb-section uagb-section__wrap uagb-section__background-image uagb-block-5b708f67\"><div class=\"uagb-section__overlay\"><\/div><div class=\"uagb-section__inner-wrap\">\n<div class=\"wp-block-columns has-3-columns is-layout-flex wp-container-core-columns-is-layout-28f84493 wp-block-columns-is-layout-flex\">\n<div class=\"wp-block-column is-layout-flow wp-block-column-is-layout-flow\">\n<div class=\"wp-block-uagb-advanced-heading uagb-block-8347b7e4\"><h4 class=\"uagb-heading-text\"><a href=\"https:\/\/www.yamaha-music-school-colmar.com\/site\/a-propos\/\">A propos<\/a><\/h4><p class=\"uagb-desc-text\"> <\/p><\/div>\n\n\n\n<div class=\"wp-block-uagb-advanced-heading uagb-block-e29c726f\"><h4 class=\"uagb-heading-text\"><a href=\"https:\/\/www.yamaha-music-school-colmar.com\/site\/junior-original-concert\/\">Junior original concert<\/a><\/h4><p class=\"uagb-desc-text\"> <\/p><\/div>\n\n\n\n<div class=\"wp-block-uagb-advanced-heading uagb-block-c5560c6e\"><h4 class=\"uagb-heading-text\"><a href=\"https:\/\/www.yamaha-music-school-colmar.com\/site\">Examens de grade<\/a><\/h4><p class=\"uagb-desc-text\"> <\/p><\/div>\n\n\n\n<div class=\"wp-block-uagb-advanced-heading uagb-block-1a692dc8\"><h4 class=\"uagb-heading-text\"><a href=\"https:\/\/www.yamaha-music-school-colmar.com\/site\/contact\">Contact<\/a><\/h4><p class=\"uagb-desc-text\"> <\/p><\/div>\n\n\n\n<p class=\"has-text-align-left has-text-color\" style=\"color:#88939b\"><\/p>\n<\/div>\n\n\n\n<div class=\"wp-block-column is-layout-flow wp-block-column-is-layout-flow\">\n<div class=\"wp-block-uagb-advanced-heading uagb-block-90cdf628\"><h4 class=\"uagb-heading-text\"><a href=\"https:\/\/www.yamaha-music-school-colmar.com\/site\/cours\/\">Nos cours<\/a><\/h4><p class=\"uagb-desc-text\"> <\/p><\/div>\n\n\n\n<div class=\"wp-block-uagb-advanced-heading uagb-block-264cf96b\"><h4 class=\"uagb-heading-text\"><a href=\"https:\/\/www.yamaha-music-school-colmar.com\/site\/cours-pour-enfants\/\">Cours pour enfants<\/a><\/h4><p class=\"uagb-desc-text\"> <\/p><\/div>\n\n\n\n<div class=\"wp-block-uagb-advanced-heading uagb-block-59b8ce93\"><h4 class=\"uagb-heading-text\"><a href=\"https:\/\/www.yamaha-music-school-colmar.com\/site\/cours-pour-adolescents-adultes\/\">Cours pour adolescents \/ Adultes<\/a><\/h4><p class=\"uagb-desc-text\"> <\/p><\/div>\n\n\n\n<div class=\"wp-block-uagb-advanced-heading uagb-block-437fe3ee\"><h4 class=\"uagb-heading-text\"><a href=\"https:\/\/www.yamaha-music-school-colmar.com\/site\/nos-professeurs\/\">Professeurs<\/a><\/h4><p class=\"uagb-desc-text\"> <\/p><\/div>\n\n\n\n<div class=\"wp-block-uagb-advanced-heading uagb-block-77152a6f\"><h4 class=\"uagb-heading-text\"><a href=\"https:\/\/www.yamaha-music-school-colmar.com\/site\/contact\">Horaires<\/a><\/h4><p class=\"uagb-desc-text\"> <\/p><\/div>\n\n\n\n<p><\/p>\n<\/div>\n\n\n\n<div class=\"wp-block-column is-layout-flow wp-block-column-is-layout-flow\">\n<figure class=\"wp-block-image\"><img loading=\"lazy\" decoding=\"async\" width=\"628\" height=\"141\" src=\"https:\/\/www.yamaha-music-school-colmar.com\/site\/wp-content\/uploads\/2019\/03\/yms_logo_big.png\" alt=\"\" class=\"wp-image-1050\" srcset=\"https:\/\/www.yamaha-music-school-colmar.com\/site\/wp-content\/uploads\/2019\/03\/yms_logo_big.png 628w, https:\/\/www.yamaha-music-school-colmar.com\/site\/wp-content\/uploads\/2019\/03\/yms_logo_big-300x67.png 300w\" sizes=\"auto, (max-width: 628px) 100vw, 628px\" \/><\/figure>\n\n\n\n<div class=\"wp-block-uagb-advanced-heading uagb-block-cfc1f6bb\"><h4 class=\"uagb-heading-text\">Adresse<\/h4><p class=\"uagb-desc-text\"> <\/p><\/div>\n\n\n\n<div class=\"wp-block-uagb-icon-list uagb-block-a4dbc8ea uagb-icon-list__outer-wrap uagb-icon-list__layout-vertical\"><div class=\"uagb-icon-list__wrap\">\n<div class=\"wp-block-uagb-icon-list-child uagb-block-a1af359e uagb-icon-list-repeater uagb-icon-list__wrapper\"><span class=\"uagb-icon-list__source-wrap\"><svg xmlns=\"https:\/\/www.w3.org\/2000\/svg\" viewBox=\"0 0 384 512\"><path d=\"M168.3 499.2C116.1 435 0 279.4 0 192C0 85.96 85.96 0 192 0C298 0 384 85.96 384 192C384 279.4 267 435 215.7 499.2C203.4 514.5 180.6 514.5 168.3 499.2H168.3zM192 256C227.3 256 256 227.3 256 192C256 156.7 227.3 128 192 128C156.7 128 128 156.7 128 192C128 227.3 156.7 256 192 256z\"><\/path><\/svg><\/span><span class=\"uagb-icon-list__label\">118, rue Andr\u00e9 KIENER<br>68000 COLMAR <\/span><\/div>\n\n\n\n<div class=\"wp-block-uagb-icon-list-child uagb-block-e1f53b5b uagb-icon-list-repeater uagb-icon-list__wrapper\"><span class=\"uagb-icon-list__source-wrap\"><svg xmlns=\"https:\/\/www.w3.org\/2000\/svg\" viewBox=\"0 0 512 512\"><path d=\"M511.2 387l-23.25 100.8c-3.266 14.25-15.79 24.22-30.46 24.22C205.2 512 0 306.8 0 54.5c0-14.66 9.969-27.2 24.22-30.45l100.8-23.25C139.7-2.602 154.7 5.018 160.8 18.92l46.52 108.5c5.438 12.78 1.77 27.67-8.98 36.45L144.5 207.1c33.98 69.22 90.26 125.5 159.5 159.5l44.08-53.8c8.688-10.78 23.69-14.51 36.47-8.975l108.5 46.51C506.1 357.2 514.6 372.4 511.2 387z\"><\/path><\/svg><\/span><span class=\"uagb-icon-list__label\">06 31 37 44 38 <\/span><\/div>\n\n\n\n<div class=\"wp-block-uagb-icon-list-child uagb-block-dd46d0b8 uagb-icon-list-repeater uagb-icon-list__wrapper\"><span class=\"uagb-icon-list__source-wrap\"><svg xmlns=\"https:\/\/www.w3.org\/2000\/svg\" viewBox=\"0 0 512 512\"><path d=\"M493.6 163c-24.88-19.62-45.5-35.37-164.3-121.6C312.7 29.21 279.7 0 256.4 0H255.6C232.3 0 199.3 29.21 182.6 41.38c-118.8 86.25-139.4 101.1-164.3 121.6C6.75 172 0 186 0 200.8v263.2C0 490.5 21.49 512 48 512h416c26.51 0 48-21.49 48-47.1V200.8C512 186 505.3 172 493.6 163zM303.2 367.5C289.1 378.5 272.5 384 256 384s-33.06-5.484-47.16-16.47L64 254.9V208.5c21.16-16.59 46.48-35.66 156.4-115.5c3.18-2.328 6.891-5.187 10.98-8.353C236.9 80.44 247.8 71.97 256 66.84c8.207 5.131 19.14 13.6 24.61 17.84c4.09 3.166 7.801 6.027 11.15 8.478C400.9 172.5 426.6 191.7 448 208.5v46.32L303.2 367.5z\"><\/path><\/svg><\/span><span class=\"uagb-icon-list__label\">ymscolmar@gmail.com  <\/span><\/div>\n<\/div><\/div>\n<\/div>\n<\/div>\n\n\n\n<div style=\"height:30px\" aria-hidden=\"true\" class=\"wp-block-spacer\"><\/div>\n\n\n\n<hr class=\"wp-block-separator has-css-opacity is-style-wide\"\/>\n\n\n\n<div style=\"height:20px\" aria-hidden=\"true\" class=\"wp-block-spacer\"><\/div>\n\n\n\n<p><\/p>\n<\/div><\/section>\n","protected":false},"excerpt":{"rendered":"<p>Concert JOC France (1er d\u00e9cembre 2019) Retour sur les 50 ans des concerts JOC dans le monde Le Junior Original Concert (concert des jeunes compositeurs). Encourager la cr\u00e9ativit\u00e9, l\u2019improvisation et la composition est la cl\u00e9 de la philosophie d&rsquo;enseignement musical de Yamaha. D\u00e8s le d\u00e9part, nous invitons les enfants \u00e0 exprimer leurs propres pens\u00e9es, sentiments [&hellip;]<\/p>\n","protected":false},"author":1,"featured_media":0,"parent":0,"menu_order":0,"comment_status":"closed","ping_status":"closed","template":"","meta":{"_uag_custom_page_level_css":"","site-sidebar-layout":"no-sidebar","site-content-layout":"page-builder","ast-site-content-layout":"full-width-container","site-content-style":"unboxed","site-sidebar-style":"unboxed","ast-global-header-display":"","ast-banner-title-visibility":"","ast-main-header-display":"","ast-hfb-above-header-display":"","ast-hfb-below-header-display":"","ast-hfb-mobile-header-display":"","site-post-title":"disabled","ast-breadcrumbs-content":"","ast-featured-img":"disabled","footer-sml-layout":"","theme-transparent-header-meta":"enabled","adv-header-id-meta":"","stick-header-meta":"","header-above-stick-meta":"","header-main-stick-meta":"","header-below-stick-meta":"","astra-migrate-meta-layouts":"set","ast-page-background-enabled":"default","ast-page-background-meta":{"desktop":{"background-color":"","background-image":"","background-repeat":"repeat","background-position":"center center","background-size":"auto","background-attachment":"scroll","background-type":"","background-media":"","overlay-type":"","overlay-color":"","overlay-opacity":"","overlay-gradient":""},"tablet":{"background-color":"","background-image":"","background-repeat":"repeat","background-position":"center center","background-size":"auto","background-attachment":"scroll","background-type":"","background-media":"","overlay-type":"","overlay-color":"","overlay-opacity":"","overlay-gradient":""},"mobile":{"background-color":"","background-image":"","background-repeat":"repeat","background-position":"center center","background-size":"auto","background-attachment":"scroll","background-type":"","background-media":"","overlay-type":"","overlay-color":"","overlay-opacity":"","overlay-gradient":""}},"ast-content-background-meta":{"desktop":{"background-color":"var(--ast-global-color-5)","background-image":"","background-repeat":"repeat","background-position":"center center","background-size":"auto","background-attachment":"scroll","background-type":"","background-media":"","overlay-type":"","overlay-color":"","overlay-opacity":"","overlay-gradient":""},"tablet":{"background-color":"var(--ast-global-color-5)","background-image":"","background-repeat":"repeat","background-position":"center center","background-size":"auto","background-attachment":"scroll","background-type":"","background-media":"","overlay-type":"","overlay-color":"","overlay-opacity":"","overlay-gradient":""},"mobile":{"background-color":"var(--ast-global-color-5)","background-image":"","background-repeat":"repeat","background-position":"center center","background-size":"auto","background-attachment":"scroll","background-type":"","background-media":"","overlay-type":"","overlay-color":"","overlay-opacity":"","overlay-gradient":""}},"_themeisle_gutenberg_block_has_review":false,"footnotes":""},"class_list":["post-1265","page","type-page","status-publish","hentry"],"featured_image_urls_v2":{"full":"","thumbnail":"","medium":"","medium_large":"","large":"","1536x1536":"","2048x2048":""},"post_excerpt_stackable_v2":"<p>JUNIOR ORIGINAL CONCERT Concert JOC France (1er d\u00e9cembre 2019) Retour sur les 50 ans des concerts JOC dans le monde Le Junior Original Concert (concert des jeunes compositeurs). Encourager la cr\u00e9ativit\u00e9, l\u2019improvisation et la composition est la cl\u00e9 de la philosophie d&rsquo;enseignement musical de Yamaha. D\u00e8s le d\u00e9part, nous invitons les enfants \u00e0 exprimer leurs propres pens\u00e9es, sentiments et id\u00e9es en musique. Au cours des le\u00e7ons, des motifs et des m\u00e9lodies simples se transforment en compositions plus complexes. L&rsquo;interpr\u00e9tation de ces pi\u00e8ces musicales fait partie de l&rsquo;enseignement, que ce soit lors de petits concerts en classe ou lors des concerts\u2026<\/p>\n","category_list_v2":"","author_info_v2":{"name":"YMS COLMAR","url":"https:\/\/www.yamaha-music-school-colmar.com\/site\/author\/jmgc59\/"},"comments_num_v2":"0 commentaire","uagb_featured_image_src":{"full":false,"thumbnail":false,"medium":false,"medium_large":false,"large":false,"1536x1536":false,"2048x2048":false},"uagb_author_info":{"display_name":"YMS COLMAR","author_link":"https:\/\/www.yamaha-music-school-colmar.com\/site\/author\/jmgc59\/"},"uagb_comment_info":0,"uagb_excerpt":"Concert JOC France (1er d\u00e9cembre 2019) Retour sur les 50 ans des concerts JOC dans le monde Le Junior Original Concert (concert des jeunes compositeurs). Encourager la cr\u00e9ativit\u00e9, l\u2019improvisation et la composition est la cl\u00e9 de la philosophie d&rsquo;enseignement musical de Yamaha. D\u00e8s le d\u00e9part, nous invitons les enfants \u00e0 exprimer leurs propres pens\u00e9es, sentiments\u2026","_links":{"self":[{"href":"https:\/\/www.yamaha-music-school-colmar.com\/site\/wp-json\/wp\/v2\/pages\/1265","targetHints":{"allow":["GET"]}}],"collection":[{"href":"https:\/\/www.yamaha-music-school-colmar.com\/site\/wp-json\/wp\/v2\/pages"}],"about":[{"href":"https:\/\/www.yamaha-music-school-colmar.com\/site\/wp-json\/wp\/v2\/types\/page"}],"author":[{"embeddable":true,"href":"https:\/\/www.yamaha-music-school-colmar.com\/site\/wp-json\/wp\/v2\/users\/1"}],"replies":[{"embeddable":true,"href":"https:\/\/www.yamaha-music-school-colmar.com\/site\/wp-json\/wp\/v2\/comments?post=1265"}],"version-history":[{"count":20,"href":"https:\/\/www.yamaha-music-school-colmar.com\/site\/wp-json\/wp\/v2\/pages\/1265\/revisions"}],"predecessor-version":[{"id":2844,"href":"https:\/\/www.yamaha-music-school-colmar.com\/site\/wp-json\/wp\/v2\/pages\/1265\/revisions\/2844"}],"wp:attachment":[{"href":"https:\/\/www.yamaha-music-school-colmar.com\/site\/wp-json\/wp\/v2\/media?parent=1265"}],"curies":[{"name":"wp","href":"https:\/\/api.w.org\/{rel}","templated":true}]}}